{"id":26,"date":"2021-11-01T12:16:15","date_gmt":"2021-11-01T12:16:15","guid":{"rendered":"http:\/\/wolfgangradlegger.at\/?page_id=26"},"modified":"2021-11-27T16:44:38","modified_gmt":"2021-11-27T16:44:38","slug":"ohne-zweifel-fuer-die-schwaecheren","status":"publish","type":"page","link":"https:\/\/wolfgangradlegger.at\/?page_id=26","title":{"rendered":"Ohne Zweifel f\u00fcr die Schw\u00e4cheren"},"content":{"rendered":"\n<p>Politische Reflexionen | Biografische Notizen<\/p>\n\n\n\n<p>gebunden, 351 Seiten | \u20ac 25,00<\/p>\n\n\n\n<p>Mai 2021 im Edition Tandem Verlag erschienen<\/p>\n\n\n\n<p>ISBN 978-3904068-38-3<\/p>\n\n\n\n<p>Warum habe ich in dieser Lebenssituation so gehandelt, mich so entschieden? Was hat mich auf meinem Lebensweg gepr\u00e4gt?<br>Diese Fragen standen am Beginn der Auseinandersetzung und des Nachsinnens. Herausgekommen ist ein spannendes Buch, geschrieben von einem durch und durch politischen wie auch sozial denkenden Menschen. Es erlaubt bekenntnishafte Einblicke in ein \u00e4u\u00dferst aktives Leben in Politik und Wirtschaft und zeigt das st\u00e4ndige Bestreben, die \u201eSchw\u00e4cheren\u201d \u2013 wer immer das in unsere Gesellschaft ist \u2013 nicht zu vergessen und sich f\u00fcr sie einzusetzen.<\/p>\n\n\n\n<p>LESEPROBE: <a href=\"https:\/\/www.edition-tandem.at\/wp-content\/uploads\/2021\/05\/Radlegger_Ohne-Zweifel_Leseprobe-konkret.pdf\">Radlegger_Ohne Zweifel_Leseprobe.pdf (edition-tandem.at)<\/a><\/p>\n\n\n\n<figure class=\"wp-block-gallery columns-1 is-cropped wp-block-gallery-2 is-layout-flex wp-block-gallery-is-layout-flex\"><ul class=\"blocks-gallery-grid\"><li class=\"blocks-gallery-item\"><figure><img loading=\"lazy\" decoding=\"async\" width=\"736\" height=\"1024\" src=\"https:\/\/wolfgangradlegger.at\/wp-content\/uploads\/2021\/11\/384327F8-2787-4F07-84D2-C241DB6E4653-736x1024.jpeg\" alt=\"\" data-id=\"115\" data-full-url=\"https:\/\/wolfgangradlegger.at\/wp-content\/uploads\/2021\/11\/384327F8-2787-4F07-84D2-C241DB6E4653.jpeg\" data-link=\"https:\/\/wolfgangradlegger.at\/ohne-zweifel-fuer-die-schwaecheren\/384327f8-2787-4f07-84d2-c241db6e4653\" class=\"wp-image-115\" srcset=\"https:\/\/wolfgangradlegger.at\/wp-content\/uploads\/2021\/11\/384327F8-2787-4F07-84D2-C241DB6E4653-736x1024.jpeg 736w, https:\/\/wolfgangradlegger.at\/wp-content\/uploads\/2021\/11\/384327F8-2787-4F07-84D2-C241DB6E4653-216x300.jpeg 216w, https:\/\/wolfgangradlegger.at\/wp-content\/uploads\/2021\/11\/384327F8-2787-4F07-84D2-C241DB6E4653-768x1069.jpeg 768w, https:\/\/wolfgangradlegger.at\/wp-content\/uploads\/2021\/11\/384327F8-2787-4F07-84D2-C241DB6E4653.jpeg 828w\" sizes=\"auto, (max-width: 736px) 100vw, 736px\" \/><\/figure><\/li><\/ul><\/figure>\n\n\n\n<figure class=\"wp-block-image size-large\"><img loading=\"lazy\" decoding=\"async\" width=\"725\" height=\"1024\" src=\"https:\/\/wolfgangradlegger.at\/wp-content\/uploads\/2021\/11\/DC305973-0602-4277-96EB-3EBFF95D4676-725x1024.jpeg\" alt=\"\" class=\"wp-image-215\" srcset=\"https:\/\/wolfgangradlegger.at\/wp-content\/uploads\/2021\/11\/DC305973-0602-4277-96EB-3EBFF95D4676-725x1024.jpeg 725w, https:\/\/wolfgangradlegger.at\/wp-content\/uploads\/2021\/11\/DC305973-0602-4277-96EB-3EBFF95D4676-212x300.jpeg 212w, https:\/\/wolfgangradlegger.at\/wp-content\/uploads\/2021\/11\/DC305973-0602-4277-96EB-3EBFF95D4676-768x1084.jpeg 768w, https:\/\/wolfgangradlegger.at\/wp-content\/uploads\/2021\/11\/DC305973-0602-4277-96EB-3EBFF95D4676.jpeg 1000w\" sizes=\"auto, (max-width: 725px) 100vw, 725px\" \/><\/figure>\n","protected":false},"excerpt":{"rendered":"<p>Politische Reflexionen | Biografische Notizen gebunden, 351 Seiten | \u20ac 25,00 Mai 2021 im Edition Tandem Verlag erschienen ISBN 978-3904068-38-3 Warum habe ich in dieser Lebenssituation so gehandelt, mich so [&hellip;]<\/p>\n","protected":false},"author":1,"featured_media":0,"parent":0,"menu_order":0,"comment_status":"closed","ping_status":"closed","template":"","meta":{"footnotes":""},"class_list":["post-26","page","type-page","status-publish","hentry"],"yoast_head":"<!-- This site is optimized with the Yoast SEO plugin v27.5 - https:\/\/yoast.com\/product\/yoast-seo-wordpress\/ -->\n<title>Ohne Zweifel f\u00fcr die Schw\u00e4cheren - Wolfgang Radlegger<\/title>\n<meta name=\"robots\" content=\"index, follow, max-snippet:-1, max-image-preview:large, max-video-preview:-1\" \/>\n<link rel=\"canonical\" href=\"https:\/\/wolfgangradlegger.at\/?page_id=26\" \/>\n<meta property=\"og:locale\" content=\"de_DE\" \/>\n<meta property=\"og:type\" content=\"article\" \/>\n<meta property=\"og:title\" content=\"Ohne Zweifel f\u00fcr die Schw\u00e4cheren - Wolfgang Radlegger\" \/>\n<meta property=\"og:description\" content=\"Politische Reflexionen | Biografische Notizen gebunden, 351 Seiten | \u20ac 25,00 Mai 2021 im Edition Tandem Verlag erschienen ISBN 978-3904068-38-3 Warum habe ich in dieser Lebenssituation so gehandelt, mich so [&hellip;]\" \/>\n<meta property=\"og:url\" content=\"https:\/\/wolfgangradlegger.at\/?page_id=26\" \/>\n<meta property=\"og:site_name\" content=\"Wolfgang Radlegger\" \/>\n<meta property=\"article:modified_time\" content=\"2021-11-27T16:44:38+00:00\" \/>\n<meta property=\"og:image\" content=\"https:\/\/wolfgangradlegger.at\/wp-content\/uploads\/2021\/11\/384327F8-2787-4F07-84D2-C241DB6E4653-736x1024.jpeg\" \/>\n<meta name=\"twitter:card\" content=\"summary_large_image\" \/>\n<meta name=\"twitter:label1\" content=\"Gesch\u00e4tzte Lesezeit\" \/>\n\t<meta name=\"twitter:data1\" content=\"1\u00a0Minute\" \/>\n<script type=\"application\/ld+json\" class=\"yoast-schema-graph\">{\"@context\":\"https:\\\/\\\/schema.org\",\"@graph\":[{\"@type\":\"WebPage\",\"@id\":\"https:\\\/\\\/wolfgangradlegger.at\\\/?page_id=26\",\"url\":\"https:\\\/\\\/wolfgangradlegger.at\\\/?page_id=26\",\"name\":\"Ohne Zweifel f\u00fcr die Schw\u00e4cheren - Wolfgang Radlegger\",\"isPartOf\":{\"@id\":\"https:\\\/\\\/wolfgangradlegger.at\\\/#website\"},\"primaryImageOfPage\":{\"@id\":\"https:\\\/\\\/wolfgangradlegger.at\\\/?page_id=26#primaryimage\"},\"image\":{\"@id\":\"https:\\\/\\\/wolfgangradlegger.at\\\/?page_id=26#primaryimage\"},\"thumbnailUrl\":\"https:\\\/\\\/wolfgangradlegger.at\\\/wp-content\\\/uploads\\\/2021\\\/11\\\/384327F8-2787-4F07-84D2-C241DB6E4653-736x1024.jpeg\",\"datePublished\":\"2021-11-01T12:16:15+00:00\",\"dateModified\":\"2021-11-27T16:44:38+00:00\",\"breadcrumb\":{\"@id\":\"https:\\\/\\\/wolfgangradlegger.at\\\/?page_id=26#breadcrumb\"},\"inLanguage\":\"de\",\"potentialAction\":[{\"@type\":\"ReadAction\",\"target\":[\"https:\\\/\\\/wolfgangradlegger.at\\\/?page_id=26\"]}]},{\"@type\":\"ImageObject\",\"inLanguage\":\"de\",\"@id\":\"https:\\\/\\\/wolfgangradlegger.at\\\/?page_id=26#primaryimage\",\"url\":\"https:\\\/\\\/wolfgangradlegger.at\\\/wp-content\\\/uploads\\\/2021\\\/11\\\/384327F8-2787-4F07-84D2-C241DB6E4653.jpeg\",\"contentUrl\":\"https:\\\/\\\/wolfgangradlegger.at\\\/wp-content\\\/uploads\\\/2021\\\/11\\\/384327F8-2787-4F07-84D2-C241DB6E4653.jpeg\",\"width\":828,\"height\":1152},{\"@type\":\"BreadcrumbList\",\"@id\":\"https:\\\/\\\/wolfgangradlegger.at\\\/?page_id=26#breadcrumb\",\"itemListElement\":[{\"@type\":\"ListItem\",\"position\":1,\"name\":\"Startseite\",\"item\":\"https:\\\/\\\/wolfgangradlegger.at\\\/\"},{\"@type\":\"ListItem\",\"position\":2,\"name\":\"Ohne Zweifel f\u00fcr die Schw\u00e4cheren\"}]},{\"@type\":\"WebSite\",\"@id\":\"https:\\\/\\\/wolfgangradlegger.at\\\/#website\",\"url\":\"https:\\\/\\\/wolfgangradlegger.at\\\/\",\"name\":\"Wolfgang Radlegger\",\"description\":\"Your story, beautifully told - Created with WordPress managed by IONOS\",\"publisher\":{\"@id\":\"https:\\\/\\\/wolfgangradlegger.at\\\/#\\\/schema\\\/person\\\/4bb8984fd13659e9083c6f70db3de078\"},\"potentialAction\":[{\"@type\":\"SearchAction\",\"target\":{\"@type\":\"EntryPoint\",\"urlTemplate\":\"https:\\\/\\\/wolfgangradlegger.at\\\/?s={search_term_string}\"},\"query-input\":{\"@type\":\"PropertyValueSpecification\",\"valueRequired\":true,\"valueName\":\"search_term_string\"}}],\"inLanguage\":\"de\"},{\"@type\":[\"Person\",\"Organization\"],\"@id\":\"https:\\\/\\\/wolfgangradlegger.at\\\/#\\\/schema\\\/person\\\/4bb8984fd13659e9083c6f70db3de078\",\"name\":\"Wolfgang\",\"image\":{\"@type\":\"ImageObject\",\"inLanguage\":\"de\",\"@id\":\"https:\\\/\\\/secure.gravatar.com\\\/avatar\\\/9a9515724d3614d51168b958012f3934851767a892e4ab5ce90db4e06206e1cc?s=96&d=mm&r=g\",\"url\":\"https:\\\/\\\/secure.gravatar.com\\\/avatar\\\/9a9515724d3614d51168b958012f3934851767a892e4ab5ce90db4e06206e1cc?s=96&d=mm&r=g\",\"contentUrl\":\"https:\\\/\\\/secure.gravatar.com\\\/avatar\\\/9a9515724d3614d51168b958012f3934851767a892e4ab5ce90db4e06206e1cc?s=96&d=mm&r=g\",\"caption\":\"Wolfgang\"},\"logo\":{\"@id\":\"https:\\\/\\\/secure.gravatar.com\\\/avatar\\\/9a9515724d3614d51168b958012f3934851767a892e4ab5ce90db4e06206e1cc?s=96&d=mm&r=g\"},\"sameAs\":[\"https:\\\/\\\/wolfgangradlegger.at\"]}]}<\/script>\n<!-- \/ Yoast SEO plugin. -->","yoast_head_json":{"title":"Ohne Zweifel f\u00fcr die Schw\u00e4cheren - Wolfgang Radlegger","robots":{"index":"index","follow":"follow","max-snippet":"max-snippet:-1","max-image-preview":"max-image-preview:large","max-video-preview":"max-video-preview:-1"},"canonical":"https:\/\/wolfgangradlegger.at\/?page_id=26","og_locale":"de_DE","og_type":"article","og_title":"Ohne Zweifel f\u00fcr die Schw\u00e4cheren - Wolfgang Radlegger","og_description":"Politische Reflexionen | Biografische Notizen gebunden, 351 Seiten | \u20ac 25,00 Mai 2021 im Edition Tandem Verlag erschienen ISBN 978-3904068-38-3 Warum habe ich in dieser Lebenssituation so gehandelt, mich so [&hellip;]","og_url":"https:\/\/wolfgangradlegger.at\/?page_id=26","og_site_name":"Wolfgang Radlegger","article_modified_time":"2021-11-27T16:44:38+00:00","og_image":[{"url":"https:\/\/wolfgangradlegger.at\/wp-content\/uploads\/2021\/11\/384327F8-2787-4F07-84D2-C241DB6E4653-736x1024.jpeg","type":"","width":"","height":""}],"twitter_card":"summary_large_image","twitter_misc":{"Gesch\u00e4tzte Lesezeit":"1\u00a0Minute"},"schema":{"@context":"https:\/\/schema.org","@graph":[{"@type":"WebPage","@id":"https:\/\/wolfgangradlegger.at\/?page_id=26","url":"https:\/\/wolfgangradlegger.at\/?page_id=26","name":"Ohne Zweifel f\u00fcr die Schw\u00e4cheren - Wolfgang Radlegger","isPartOf":{"@id":"https:\/\/wolfgangradlegger.at\/#website"},"primaryImageOfPage":{"@id":"https:\/\/wolfgangradlegger.at\/?page_id=26#primaryimage"},"image":{"@id":"https:\/\/wolfgangradlegger.at\/?page_id=26#primaryimage"},"thumbnailUrl":"https:\/\/wolfgangradlegger.at\/wp-content\/uploads\/2021\/11\/384327F8-2787-4F07-84D2-C241DB6E4653-736x1024.jpeg","datePublished":"2021-11-01T12:16:15+00:00","dateModified":"2021-11-27T16:44:38+00:00","breadcrumb":{"@id":"https:\/\/wolfgangradlegger.at\/?page_id=26#breadcrumb"},"inLanguage":"de","potentialAction":[{"@type":"ReadAction","target":["https:\/\/wolfgangradlegger.at\/?page_id=26"]}]},{"@type":"ImageObject","inLanguage":"de","@id":"https:\/\/wolfgangradlegger.at\/?page_id=26#primaryimage","url":"https:\/\/wolfgangradlegger.at\/wp-content\/uploads\/2021\/11\/384327F8-2787-4F07-84D2-C241DB6E4653.jpeg","contentUrl":"https:\/\/wolfgangradlegger.at\/wp-content\/uploads\/2021\/11\/384327F8-2787-4F07-84D2-C241DB6E4653.jpeg","width":828,"height":1152},{"@type":"BreadcrumbList","@id":"https:\/\/wolfgangradlegger.at\/?page_id=26#breadcrumb","itemListElement":[{"@type":"ListItem","position":1,"name":"Startseite","item":"https:\/\/wolfgangradlegger.at\/"},{"@type":"ListItem","position":2,"name":"Ohne Zweifel f\u00fcr die Schw\u00e4cheren"}]},{"@type":"WebSite","@id":"https:\/\/wolfgangradlegger.at\/#website","url":"https:\/\/wolfgangradlegger.at\/","name":"Wolfgang Radlegger","description":"Your story, beautifully told - Created with WordPress managed by IONOS","publisher":{"@id":"https:\/\/wolfgangradlegger.at\/#\/schema\/person\/4bb8984fd13659e9083c6f70db3de078"},"potentialAction":[{"@type":"SearchAction","target":{"@type":"EntryPoint","urlTemplate":"https:\/\/wolfgangradlegger.at\/?s={search_term_string}"},"query-input":{"@type":"PropertyValueSpecification","valueRequired":true,"valueName":"search_term_string"}}],"inLanguage":"de"},{"@type":["Person","Organization"],"@id":"https:\/\/wolfgangradlegger.at\/#\/schema\/person\/4bb8984fd13659e9083c6f70db3de078","name":"Wolfgang","image":{"@type":"ImageObject","inLanguage":"de","@id":"https:\/\/secure.gravatar.com\/avatar\/9a9515724d3614d51168b958012f3934851767a892e4ab5ce90db4e06206e1cc?s=96&d=mm&r=g","url":"https:\/\/secure.gravatar.com\/avatar\/9a9515724d3614d51168b958012f3934851767a892e4ab5ce90db4e06206e1cc?s=96&d=mm&r=g","contentUrl":"https:\/\/secure.gravatar.com\/avatar\/9a9515724d3614d51168b958012f3934851767a892e4ab5ce90db4e06206e1cc?s=96&d=mm&r=g","caption":"Wolfgang"},"logo":{"@id":"https:\/\/secure.gravatar.com\/avatar\/9a9515724d3614d51168b958012f3934851767a892e4ab5ce90db4e06206e1cc?s=96&d=mm&r=g"},"sameAs":["https:\/\/wolfgangradlegger.at"]}]}},"_links":{"self":[{"href":"https:\/\/wolfgangradlegger.at\/index.php?rest_route=\/wp\/v2\/pages\/26","targetHints":{"allow":["GET"]}}],"collection":[{"href":"https:\/\/wolfgangradlegger.at\/index.php?rest_route=\/wp\/v2\/pages"}],"about":[{"href":"https:\/\/wolfgangradlegger.at\/index.php?rest_route=\/wp\/v2\/types\/page"}],"author":[{"embeddable":true,"href":"https:\/\/wolfgangradlegger.at\/index.php?rest_route=\/wp\/v2\/users\/1"}],"replies":[{"embeddable":true,"href":"https:\/\/wolfgangradlegger.at\/index.php?rest_route=%2Fwp%2Fv2%2Fcomments&post=26"}],"version-history":[{"count":6,"href":"https:\/\/wolfgangradlegger.at\/index.php?rest_route=\/wp\/v2\/pages\/26\/revisions"}],"predecessor-version":[{"id":216,"href":"https:\/\/wolfgangradlegger.at\/index.php?rest_route=\/wp\/v2\/pages\/26\/revisions\/216"}],"wp:attachment":[{"href":"https:\/\/wolfgangradlegger.at\/index.php?rest_route=%2Fwp%2Fv2%2Fmedia&parent=26"}],"curies":[{"name":"wp","href":"https:\/\/api.w.org\/{rel}","templated":true}]}}