{"id":44,"date":"2021-11-01T16:43:45","date_gmt":"2021-11-01T16:43:45","guid":{"rendered":"http:\/\/wolfgangradlegger.at\/?page_id=44"},"modified":"2021-12-14T16:07:09","modified_gmt":"2021-12-14T16:07:09","slug":"roma-zum-betteln-verbannt","status":"publish","type":"page","link":"https:\/\/wolfgangradlegger.at\/?page_id=44","title":{"rendered":"ROMA &#8211; zum Betteln verdammt"},"content":{"rendered":"\n<p>Zweite erg\u00e4nzte Auflage<\/p>\n\n\n\n<p>gebunden, 326 Seiten | \u20ac 22,80<\/p>\n\n\n\n<p>Juni 2018<\/p>\n\n\n\n<p>ISBN 978-3-902932-66-2<\/p>\n\n\n\n<p>Die Geschichte der Roma und Sinti ist eine der Verfolgung, Ausgrenzung und Vernichtung. Bis heute haben selbst zivilisierte L\u00e4nder Schwierigkeiten, diesem r\u00e4tselhaften Volk ohne Vorurteile zu begegnen. Wolfgang Radlegger, der sich schon immer f\u00fcr Minderheiten und Entrechtete stark gemacht hat, will das nicht hinnehmen. Er wollte es genau wissen und ist tief in die Geschichte abgestiegen, um Spuren zu sichern. Er hat sich aber nicht allein aus den historischen Quellen bedient, er hat sich selbst auf die Reise zu den immer noch \u201eVerdammten\u201c dieser Erde gemacht. Das ist deshalb so wichtig, weil die Bettler, denen wir heute verst\u00e4rkt auf den Stra\u00dfen der St\u00e4dte Europas begegnen, zu einem erheblichen Teil der Gruppe der Roma und Sinti angeh\u00f6ren. Was das f\u00fcr Salzburg bedeutet und wie die Politik damit umgeht, hat Radlegger in einem eigenen Kapitel exemplarisch abgehandelt. Das Buch ist ein gro\u00dfes Pl\u00e4doyer f\u00fcr Toleranz.<\/p>\n\n\n\n<p>LESEPROBE: <a href=\"https:\/\/www.edition-tandem.at\/wp-content\/uploads\/2020\/05\/Radlegger_Roma_Kern.pdf\">Radlegger_Roma_Kern.pdf (edition-tandem.at)<\/a><\/p>\n\n\n\n<figure class=\"wp-block-image size-large\"><img loading=\"lazy\" decoding=\"async\" width=\"727\" height=\"1024\" src=\"https:\/\/wolfgangradlegger.at\/wp-content\/uploads\/2021\/11\/464C4B71-A470-4891-9FBC-B65B7758CE4A-727x1024.jpeg\" alt=\"\" class=\"wp-image-212\" srcset=\"https:\/\/wolfgangradlegger.at\/wp-content\/uploads\/2021\/11\/464C4B71-A470-4891-9FBC-B65B7758CE4A-727x1024.jpeg 727w, https:\/\/wolfgangradlegger.at\/wp-content\/uploads\/2021\/11\/464C4B71-A470-4891-9FBC-B65B7758CE4A-213x300.jpeg 213w, https:\/\/wolfgangradlegger.at\/wp-content\/uploads\/2021\/11\/464C4B71-A470-4891-9FBC-B65B7758CE4A-768x1082.jpeg 768w, https:\/\/wolfgangradlegger.at\/wp-content\/uploads\/2021\/11\/464C4B71-A470-4891-9FBC-B65B7758CE4A.jpeg 838w\" sizes=\"auto, (max-width: 727px) 100vw, 727px\" \/><\/figure>\n\n\n\n<figure class=\"wp-block-image size-large\"><img loading=\"lazy\" decoding=\"async\" width=\"1024\" height=\"651\" src=\"https:\/\/wolfgangradlegger.at\/wp-content\/uploads\/2021\/12\/Roma-Der-Standard-1024x651.jpg\" alt=\"\" class=\"wp-image-226\" srcset=\"https:\/\/wolfgangradlegger.at\/wp-content\/uploads\/2021\/12\/Roma-Der-Standard-1024x651.jpg 1024w, https:\/\/wolfgangradlegger.at\/wp-content\/uploads\/2021\/12\/Roma-Der-Standard-300x191.jpg 300w, https:\/\/wolfgangradlegger.at\/wp-content\/uploads\/2021\/12\/Roma-Der-Standard-768x489.jpg 768w, https:\/\/wolfgangradlegger.at\/wp-content\/uploads\/2021\/12\/Roma-Der-Standard.jpg 1352w\" sizes=\"auto, (max-width: 1024px) 100vw, 1024px\" \/><\/figure>\n\n\n\n<figure class=\"wp-block-image size-large\"><img loading=\"lazy\" decoding=\"async\" width=\"1024\" height=\"509\" src=\"https:\/\/wolfgangradlegger.at\/wp-content\/uploads\/2021\/12\/Roma-SN-18.07.17.-1024x509.jpg\" alt=\"\" class=\"wp-image-227\" srcset=\"https:\/\/wolfgangradlegger.at\/wp-content\/uploads\/2021\/12\/Roma-SN-18.07.17.-1024x509.jpg 1024w, https:\/\/wolfgangradlegger.at\/wp-content\/uploads\/2021\/12\/Roma-SN-18.07.17.-300x149.jpg 300w, https:\/\/wolfgangradlegger.at\/wp-content\/uploads\/2021\/12\/Roma-SN-18.07.17.-768x382.jpg 768w, https:\/\/wolfgangradlegger.at\/wp-content\/uploads\/2021\/12\/Roma-SN-18.07.17.-1536x763.jpg 1536w, https:\/\/wolfgangradlegger.at\/wp-content\/uploads\/2021\/12\/Roma-SN-18.07.17.-2048x1018.jpg 2048w\" sizes=\"auto, (max-width: 1024px) 100vw, 1024px\" \/><\/figure>\n\n\n\n<figure class=\"wp-block-image size-large\"><img loading=\"lazy\" decoding=\"async\" width=\"724\" height=\"1024\" src=\"https:\/\/wolfgangradlegger.at\/wp-content\/uploads\/2021\/12\/Roma-Salzburg-Aktuell-724x1024.jpg\" alt=\"\" class=\"wp-image-228\" srcset=\"https:\/\/wolfgangradlegger.at\/wp-content\/uploads\/2021\/12\/Roma-Salzburg-Aktuell-724x1024.jpg 724w, https:\/\/wolfgangradlegger.at\/wp-content\/uploads\/2021\/12\/Roma-Salzburg-Aktuell-212x300.jpg 212w, https:\/\/wolfgangradlegger.at\/wp-content\/uploads\/2021\/12\/Roma-Salzburg-Aktuell-768x1086.jpg 768w, https:\/\/wolfgangradlegger.at\/wp-content\/uploads\/2021\/12\/Roma-Salzburg-Aktuell-1087x1536.jpg 1087w, https:\/\/wolfgangradlegger.at\/wp-content\/uploads\/2021\/12\/Roma-Salzburg-Aktuell-1449x2048.jpg 1449w, https:\/\/wolfgangradlegger.at\/wp-content\/uploads\/2021\/12\/Roma-Salzburg-Aktuell.jpg 1654w\" sizes=\"auto, (max-width: 724px) 100vw, 724px\" \/><\/figure>\n","protected":false},"excerpt":{"rendered":"<p>Zweite erg\u00e4nzte Auflage gebunden, 326 Seiten | \u20ac 22,80 Juni 2018 ISBN 978-3-902932-66-2 Die Geschichte der Roma und Sinti ist eine der Verfolgung, Ausgrenzung und Vernichtung. Bis heute haben selbst [&hellip;]<\/p>\n","protected":false},"author":1,"featured_media":0,"parent":0,"menu_order":0,"comment_status":"closed","ping_status":"closed","template":"","meta":{"footnotes":""},"class_list":["post-44","page","type-page","status-publish","hentry"],"yoast_head":"<!-- This site is optimized with the Yoast SEO plugin v27.5 - https:\/\/yoast.com\/product\/yoast-seo-wordpress\/ -->\n<title>ROMA - zum Betteln verdammt - Wolfgang Radlegger<\/title>\n<meta name=\"robots\" content=\"index, follow, max-snippet:-1, max-image-preview:large, max-video-preview:-1\" \/>\n<link rel=\"canonical\" href=\"https:\/\/wolfgangradlegger.at\/?page_id=44\" \/>\n<meta property=\"og:locale\" content=\"de_DE\" \/>\n<meta property=\"og:type\" content=\"article\" \/>\n<meta property=\"og:title\" content=\"ROMA - zum Betteln verdammt - Wolfgang Radlegger\" \/>\n<meta property=\"og:description\" content=\"Zweite erg\u00e4nzte Auflage gebunden, 326 Seiten | \u20ac 22,80 Juni 2018 ISBN 978-3-902932-66-2 Die Geschichte der Roma und Sinti ist eine der Verfolgung, Ausgrenzung und Vernichtung. Bis heute haben selbst [&hellip;]\" \/>\n<meta property=\"og:url\" content=\"https:\/\/wolfgangradlegger.at\/?page_id=44\" \/>\n<meta property=\"og:site_name\" content=\"Wolfgang Radlegger\" \/>\n<meta property=\"article:modified_time\" content=\"2021-12-14T16:07:09+00:00\" \/>\n<meta property=\"og:image\" content=\"https:\/\/wolfgangradlegger.at\/wp-content\/uploads\/2021\/11\/464C4B71-A470-4891-9FBC-B65B7758CE4A-727x1024.jpeg\" \/>\n<meta name=\"twitter:card\" content=\"summary_large_image\" \/>\n<meta name=\"twitter:label1\" content=\"Gesch\u00e4tzte Lesezeit\" \/>\n\t<meta name=\"twitter:data1\" content=\"2\u00a0Minuten\" \/>\n<script type=\"application\/ld+json\" class=\"yoast-schema-graph\">{\"@context\":\"https:\\\/\\\/schema.org\",\"@graph\":[{\"@type\":\"WebPage\",\"@id\":\"https:\\\/\\\/wolfgangradlegger.at\\\/?page_id=44\",\"url\":\"https:\\\/\\\/wolfgangradlegger.at\\\/?page_id=44\",\"name\":\"ROMA - zum Betteln verdammt - Wolfgang Radlegger\",\"isPartOf\":{\"@id\":\"https:\\\/\\\/wolfgangradlegger.at\\\/#website\"},\"primaryImageOfPage\":{\"@id\":\"https:\\\/\\\/wolfgangradlegger.at\\\/?page_id=44#primaryimage\"},\"image\":{\"@id\":\"https:\\\/\\\/wolfgangradlegger.at\\\/?page_id=44#primaryimage\"},\"thumbnailUrl\":\"https:\\\/\\\/wolfgangradlegger.at\\\/wp-content\\\/uploads\\\/2021\\\/11\\\/464C4B71-A470-4891-9FBC-B65B7758CE4A-727x1024.jpeg\",\"datePublished\":\"2021-11-01T16:43:45+00:00\",\"dateModified\":\"2021-12-14T16:07:09+00:00\",\"breadcrumb\":{\"@id\":\"https:\\\/\\\/wolfgangradlegger.at\\\/?page_id=44#breadcrumb\"},\"inLanguage\":\"de\",\"potentialAction\":[{\"@type\":\"ReadAction\",\"target\":[\"https:\\\/\\\/wolfgangradlegger.at\\\/?page_id=44\"]}]},{\"@type\":\"ImageObject\",\"inLanguage\":\"de\",\"@id\":\"https:\\\/\\\/wolfgangradlegger.at\\\/?page_id=44#primaryimage\",\"url\":\"https:\\\/\\\/wolfgangradlegger.at\\\/wp-content\\\/uploads\\\/2021\\\/11\\\/464C4B71-A470-4891-9FBC-B65B7758CE4A.jpeg\",\"contentUrl\":\"https:\\\/\\\/wolfgangradlegger.at\\\/wp-content\\\/uploads\\\/2021\\\/11\\\/464C4B71-A470-4891-9FBC-B65B7758CE4A.jpeg\",\"width\":838,\"height\":1181},{\"@type\":\"BreadcrumbList\",\"@id\":\"https:\\\/\\\/wolfgangradlegger.at\\\/?page_id=44#breadcrumb\",\"itemListElement\":[{\"@type\":\"ListItem\",\"position\":1,\"name\":\"Startseite\",\"item\":\"https:\\\/\\\/wolfgangradlegger.at\\\/\"},{\"@type\":\"ListItem\",\"position\":2,\"name\":\"ROMA &#8211; zum Betteln verdammt\"}]},{\"@type\":\"WebSite\",\"@id\":\"https:\\\/\\\/wolfgangradlegger.at\\\/#website\",\"url\":\"https:\\\/\\\/wolfgangradlegger.at\\\/\",\"name\":\"Wolfgang Radlegger\",\"description\":\"Your story, beautifully told - Created with WordPress managed by IONOS\",\"publisher\":{\"@id\":\"https:\\\/\\\/wolfgangradlegger.at\\\/#\\\/schema\\\/person\\\/4bb8984fd13659e9083c6f70db3de078\"},\"potentialAction\":[{\"@type\":\"SearchAction\",\"target\":{\"@type\":\"EntryPoint\",\"urlTemplate\":\"https:\\\/\\\/wolfgangradlegger.at\\\/?s={search_term_string}\"},\"query-input\":{\"@type\":\"PropertyValueSpecification\",\"valueRequired\":true,\"valueName\":\"search_term_string\"}}],\"inLanguage\":\"de\"},{\"@type\":[\"Person\",\"Organization\"],\"@id\":\"https:\\\/\\\/wolfgangradlegger.at\\\/#\\\/schema\\\/person\\\/4bb8984fd13659e9083c6f70db3de078\",\"name\":\"Wolfgang\",\"image\":{\"@type\":\"ImageObject\",\"inLanguage\":\"de\",\"@id\":\"https:\\\/\\\/secure.gravatar.com\\\/avatar\\\/9a9515724d3614d51168b958012f3934851767a892e4ab5ce90db4e06206e1cc?s=96&d=mm&r=g\",\"url\":\"https:\\\/\\\/secure.gravatar.com\\\/avatar\\\/9a9515724d3614d51168b958012f3934851767a892e4ab5ce90db4e06206e1cc?s=96&d=mm&r=g\",\"contentUrl\":\"https:\\\/\\\/secure.gravatar.com\\\/avatar\\\/9a9515724d3614d51168b958012f3934851767a892e4ab5ce90db4e06206e1cc?s=96&d=mm&r=g\",\"caption\":\"Wolfgang\"},\"logo\":{\"@id\":\"https:\\\/\\\/secure.gravatar.com\\\/avatar\\\/9a9515724d3614d51168b958012f3934851767a892e4ab5ce90db4e06206e1cc?s=96&d=mm&r=g\"},\"sameAs\":[\"https:\\\/\\\/wolfgangradlegger.at\"]}]}<\/script>\n<!-- \/ Yoast SEO plugin. -->","yoast_head_json":{"title":"ROMA - zum Betteln verdammt - Wolfgang Radlegger","robots":{"index":"index","follow":"follow","max-snippet":"max-snippet:-1","max-image-preview":"max-image-preview:large","max-video-preview":"max-video-preview:-1"},"canonical":"https:\/\/wolfgangradlegger.at\/?page_id=44","og_locale":"de_DE","og_type":"article","og_title":"ROMA - zum Betteln verdammt - Wolfgang Radlegger","og_description":"Zweite erg\u00e4nzte Auflage gebunden, 326 Seiten | \u20ac 22,80 Juni 2018 ISBN 978-3-902932-66-2 Die Geschichte der Roma und Sinti ist eine der Verfolgung, Ausgrenzung und Vernichtung. Bis heute haben selbst [&hellip;]","og_url":"https:\/\/wolfgangradlegger.at\/?page_id=44","og_site_name":"Wolfgang Radlegger","article_modified_time":"2021-12-14T16:07:09+00:00","og_image":[{"url":"https:\/\/wolfgangradlegger.at\/wp-content\/uploads\/2021\/11\/464C4B71-A470-4891-9FBC-B65B7758CE4A-727x1024.jpeg","type":"","width":"","height":""}],"twitter_card":"summary_large_image","twitter_misc":{"Gesch\u00e4tzte Lesezeit":"2\u00a0Minuten"},"schema":{"@context":"https:\/\/schema.org","@graph":[{"@type":"WebPage","@id":"https:\/\/wolfgangradlegger.at\/?page_id=44","url":"https:\/\/wolfgangradlegger.at\/?page_id=44","name":"ROMA - zum Betteln verdammt - Wolfgang Radlegger","isPartOf":{"@id":"https:\/\/wolfgangradlegger.at\/#website"},"primaryImageOfPage":{"@id":"https:\/\/wolfgangradlegger.at\/?page_id=44#primaryimage"},"image":{"@id":"https:\/\/wolfgangradlegger.at\/?page_id=44#primaryimage"},"thumbnailUrl":"https:\/\/wolfgangradlegger.at\/wp-content\/uploads\/2021\/11\/464C4B71-A470-4891-9FBC-B65B7758CE4A-727x1024.jpeg","datePublished":"2021-11-01T16:43:45+00:00","dateModified":"2021-12-14T16:07:09+00:00","breadcrumb":{"@id":"https:\/\/wolfgangradlegger.at\/?page_id=44#breadcrumb"},"inLanguage":"de","potentialAction":[{"@type":"ReadAction","target":["https:\/\/wolfgangradlegger.at\/?page_id=44"]}]},{"@type":"ImageObject","inLanguage":"de","@id":"https:\/\/wolfgangradlegger.at\/?page_id=44#primaryimage","url":"https:\/\/wolfgangradlegger.at\/wp-content\/uploads\/2021\/11\/464C4B71-A470-4891-9FBC-B65B7758CE4A.jpeg","contentUrl":"https:\/\/wolfgangradlegger.at\/wp-content\/uploads\/2021\/11\/464C4B71-A470-4891-9FBC-B65B7758CE4A.jpeg","width":838,"height":1181},{"@type":"BreadcrumbList","@id":"https:\/\/wolfgangradlegger.at\/?page_id=44#breadcrumb","itemListElement":[{"@type":"ListItem","position":1,"name":"Startseite","item":"https:\/\/wolfgangradlegger.at\/"},{"@type":"ListItem","position":2,"name":"ROMA &#8211; zum Betteln verdammt"}]},{"@type":"WebSite","@id":"https:\/\/wolfgangradlegger.at\/#website","url":"https:\/\/wolfgangradlegger.at\/","name":"Wolfgang Radlegger","description":"Your story, beautifully told - Created with WordPress managed by IONOS","publisher":{"@id":"https:\/\/wolfgangradlegger.at\/#\/schema\/person\/4bb8984fd13659e9083c6f70db3de078"},"potentialAction":[{"@type":"SearchAction","target":{"@type":"EntryPoint","urlTemplate":"https:\/\/wolfgangradlegger.at\/?s={search_term_string}"},"query-input":{"@type":"PropertyValueSpecification","valueRequired":true,"valueName":"search_term_string"}}],"inLanguage":"de"},{"@type":["Person","Organization"],"@id":"https:\/\/wolfgangradlegger.at\/#\/schema\/person\/4bb8984fd13659e9083c6f70db3de078","name":"Wolfgang","image":{"@type":"ImageObject","inLanguage":"de","@id":"https:\/\/secure.gravatar.com\/avatar\/9a9515724d3614d51168b958012f3934851767a892e4ab5ce90db4e06206e1cc?s=96&d=mm&r=g","url":"https:\/\/secure.gravatar.com\/avatar\/9a9515724d3614d51168b958012f3934851767a892e4ab5ce90db4e06206e1cc?s=96&d=mm&r=g","contentUrl":"https:\/\/secure.gravatar.com\/avatar\/9a9515724d3614d51168b958012f3934851767a892e4ab5ce90db4e06206e1cc?s=96&d=mm&r=g","caption":"Wolfgang"},"logo":{"@id":"https:\/\/secure.gravatar.com\/avatar\/9a9515724d3614d51168b958012f3934851767a892e4ab5ce90db4e06206e1cc?s=96&d=mm&r=g"},"sameAs":["https:\/\/wolfgangradlegger.at"]}]}},"_links":{"self":[{"href":"https:\/\/wolfgangradlegger.at\/index.php?rest_route=\/wp\/v2\/pages\/44","targetHints":{"allow":["GET"]}}],"collection":[{"href":"https:\/\/wolfgangradlegger.at\/index.php?rest_route=\/wp\/v2\/pages"}],"about":[{"href":"https:\/\/wolfgangradlegger.at\/index.php?rest_route=\/wp\/v2\/types\/page"}],"author":[{"embeddable":true,"href":"https:\/\/wolfgangradlegger.at\/index.php?rest_route=\/wp\/v2\/users\/1"}],"replies":[{"embeddable":true,"href":"https:\/\/wolfgangradlegger.at\/index.php?rest_route=%2Fwp%2Fv2%2Fcomments&post=44"}],"version-history":[{"count":5,"href":"https:\/\/wolfgangradlegger.at\/index.php?rest_route=\/wp\/v2\/pages\/44\/revisions"}],"predecessor-version":[{"id":229,"href":"https:\/\/wolfgangradlegger.at\/index.php?rest_route=\/wp\/v2\/pages\/44\/revisions\/229"}],"wp:attachment":[{"href":"https:\/\/wolfgangradlegger.at\/index.php?rest_route=%2Fwp%2Fv2%2Fmedia&parent=44"}],"curies":[{"name":"wp","href":"https:\/\/api.w.org\/{rel}","templated":true}]}}